155?
7
What is the remainder when 303 is divided by 107?
89
Calculate the remainder when 823 is divided by 33.
31
What is the remainder when 244 is divided by 62?
58
Calculate the remainder when 705 is divided by 169.
29
Calculate the remainder when 203 is divided by 69.
65
Calculate the remainder when 1110 is divided by 159.
156
Calculate the remainder when 164 is divided by 152.
12
Calculate the remainder when 284 is divided by 36.
32
What is the remainder when 615 is divided by 84?
27
What is the remainder when 315 is divided by 103?
6
What is the remainder when 376 is divided by 14?
12
Calculate the remainder when 106 is divided by 22.
18
Calculate the remainder when 193 is divided by 188.
5
What is the remainder when 108 is divided by 47?
14
Calculate the remainder when 3411 is divided by 14.
9
Calculate the remainder when 44 is divided by 2.
0
Calculate the remainder when 695 is divided by 182.
149
What is the remainder when 53 is divided by 41?
12
Calculate the remainder when 641 is divided by 23.
20
Calculate the remainder when 537 is divided by 12.
9
Calculate the remainder when 1747 is divided by 38.
37
Calculate the remainder when 82 is divided by 48.
34
Calculate the remainder when 789 is divided by 8.
5
What is the remainder when 133 is divided by 34?
31
What is the remainder when 735 is divided by 100?
35
What is the remainder when 2385 is divided by 75?
60
Calculate the remainder when 138 is divided by 71.
67
Calculate the remainder when 131 is divided by 40.
11
What is the remainder when 345 is divided by 29?
26
What is the remainder when 23362 is divided by 33?
31
What is the remainder when 1019 is divided by 282?
173
What is the remainder when 220 is divided by 78?
64
Calculate the remainder when 746 is divided by 10.
6
Calculate the remainder when 774 is divided by 121.
48
Calculate the remainder when 204 is divided by 78.
48
Calculate the remainder when 160 is divided by 28.
20
Calculate the remainder when 676 is divided by 62.
56
What is the remainder when 108 is divided by 29?
21
Calculate the remainder when 501 is divided by 13.
7
Calculate the remainder when 6423 is divided by 256.
23
What is the remainder when 14100 is divided by 328?
324
Calculate the remainder when 617 is divided by 215.
187
Calculate the remainder when 20991 is divided by 32.
31
What is the remainder when 9025 is divided by 35?
30
Calculate the remainder when 2877 is divided by 96.
93
What is the remainder when 229 is divided by 59?
52
What is the remainder when 517 is divided by 7?
6
Calculate the remainder when 145 is divided by 11.
2
What is the remainder when 415 is divided by 10?
5
What is the remainder when 217 is divided by 195?
22
Calculate the remainder when 808 is divided by 402.
4
What is the remainder when 69 is divided by 15?
9
Calculate the remainder when 313 is divided by 109.
95
What is the remainder when 120 is divided by 73?
47
What is the remainder when 137 is divided by 5?
2
Calculate the remainder when 80 is divided by 16.
0
Calculate the remainder when 8719 is divided by 10.
9
Calculate the remainder when 10134 is divided by 3376.
6
Calculate the remainder when 177 is divided by 9.
6
Calculate the remainder when 609 is divided by 51.
48
What is the remainder when 225 is divided by 47?
37
What is the remainder when 61 is divided by 31?
30
Calculate the remainder when 86 is divided by 10.
6
What is the remainder when 1248 is divided by 50?
48
What is the remainder when 71 is divided by 51?
20
What is the remainder when 13251 is divided by 20?
11
What is the remainder when 428 is divided by 8?
4
What is the remainder when 3078 is divided by 13?
10
Calculate the remainder when 161 is divided by 6.
5
What is the remainder when 378 is divided by 19?
17
What is the remainder when 81 is divided by 23?
12
What is the remainder when 225 is divided by 57?
54
What is the remainder when 167 is divided by 25?
17
What is the remainder when 105 is divided by 31?
12
What is the remainder when 173 is divided by 89?
84
What is the remainder when 287 is divided by 239?
48
Calculate the remainder when 616 is divided by 199.
19
Calculate the remainder when 758 is divided by 69.
68
What is the remainder when 689 is divided by 15?
14
Calculate the remainder when 36 is divided by 10.
6
What is the remainder when 40 is divided by 13?
1
What is the remainder when 1685 is divided by 21?
5
What is the remainder when 180 is divided by 14?
12
Calculate the remainder when 927 is divided by 18.
9
What is the remainder when 263 is divided by 14?
11
Calculate the remainder when 24 is divided by 19.
5
What is the remainder when 20908 is divided by 10?
8
Calculate the remainder when 281 is divided by 77.
50
Calculate the remainder when 167 is divided by 17.
14
What is the remainder when 5484 is divided by 8?
4
What is the remainder when 90 is divided by 23?
21
Calculate the remainder when 1987 is divided by 51.
49
What is the remainder when 27 is divided by 14?
13
Calculate the remainder when 157 is divided by 40.
37
Calculate the remainder when 1194 is divided by 23.
21
What is the remainder when 50 is divided by 26?
24
Calculate the remainder when 826 is divided by 25.
1
What is the remainder when 253 is divided by 123?
7
Calculate the remainder when 30069 is divided by 8.
5
Calculate the remainder when 196 is divided by 42.
28
Calculate the remainder when 220 is divided by 103.
14
Calculate the remainder when 224 is divided by 80.
64
Calculate the remainder when 14 is divided by 3.
2
What is the remainder when 1377 is divided by 106?
105
Calculate the remainder when 28934 is divided by 42.
38
What is the remainder when 1004 is divided by 11?
3
What is the remainder when 1086 is divided by 16?
14
Calculate the remainder when 1006 is divided by 28.
26
What is the remainder when 895 is divided by 17?
11
Calculate the remainder when 635 is divided by 80.
75
What is the remainder when 26 is divided by 15?
11
Calculate the remainder when 346 is divided by 100.
46
What is the remainder when 50 is divided by 26?
24
Calculate the remainder when 860 is divided by 41.
40
Calculate the remainder when 358 is divided by 20.
18
Calculate the remainder when 603 is divided by 7.
1
What is the remainder when 865 is divided by 14?
11
Calculate the remainder when 74 is divided by 22.
8
Calculate the remainder when 1615 is divided by 230.
5
What is the remainder when 1258 is divided by 105?
103
Calculate the remainder when 392 is divided by 79.
76
Calculate the remainder when 2121 is divided by 77.
42
Calculate the remainder when 74 is divided by 43.
31
Calculate the remainder when 2722 is divided by 109.
106
Calculate the remainder when 83 is divided by 19.
7
What is the remainder when 136 is divided by 47?
42
Calculate the remainder when 615 is divided by 14.
13
Calculate the remainder when 119 is divided by 3.
2
Calculate the remainder when 613 is divided by 104.
93
Calculate the remainder when 181 is divided by 92.
89
What is the remainder when 30 is divided by 26?
4
What is the remainder when 2036 is divided by 492?
68
Calculate the remainder when 1213 is divided by 27.
25
What is the remainder when 1846 is divided by 60?
46
What is the remainder when 657 is divided by 134?
121
Calculate the remainder when 183 is divided by 21.
15
Calculate the remainder when 82 is divided by 60.
22
What is the remainder when 210 is divided by 32?
18
Calculate the remainder when 370 is divided by 31.
29
What is the remainder when 308 is divided by 120?
68
Calculate the remainder when 204 is divided by 13.
9
Calculate the remainder when 112 is divided by 22.
2
What is the remainder when 271 is divided by 26?
11
What is the remainder when 795 is divided by 134?
125
What is the remainder when 1580 is divided by 11?
7
What is the remainder when 664 is divided by 67?
61
What is the remainder when 281 is divided by 6?
5
What is the remainder when 323 is divided by 40?
3
Calculate the remainder when 625 is divided by 20.
5
What is the remainder when 39 is divided by 7?
4
Calculate the remainder when 169 is divided by 19.
17
Calculate the remainder when 1678 is divided by 80.
78
What is the remainder when 298 is divided by 71?
14
Calculate the remainder when 135 is divided by 22.
3
Calculate the 